768679.
213
What is the greatest common divisor of 19845 and 12312?
81
What is the highest common factor of 34752 and 87604?
724
What is the greatest common factor of 1894769 and 119?
17
Calculate the highest common divisor of 800180 and 956.
4
Calculate the highest common factor of 21761 and 476890.
463
What is the highest common factor of 4080 and 1433920?
80
What is the highest common divisor of 832 and 140472?
8
What is the greatest common divisor of 720 and 6143895?
45
What is the greatest common divisor of 909 and 5464638?
9
What is the greatest common divisor of 33524 and 23038876?
1972
Calculate the greatest common factor of 193914 and 73017.
1197
What is the greatest common factor of 59886 and 2203470?
54
Calculate the greatest common divisor of 1859 and 1500356.
143
What is the greatest common factor of 3684383 and 1254067?
2993
What is the greatest common factor of 1392441 and 9?
3
What is the greatest common factor of 115416 and 1224234?
4122
Calculate the highest common factor of 90 and 28364652.
18
Calculate the greatest common factor of 79189 and 421924.
313
What is the highest common factor of 110 and 26098215?
55
What is the greatest common factor of 1378408553 and 659?
659
What is the greatest common divisor of 990 and 717050?
10
What is the highest common divisor of 6471147 and 174?
87
What is the greatest common factor of 240 and 16888?
8
What is the highest common factor of 4099630 and 76?
38
What is the highest common divisor of 137767945 and 10?
5
What is the highest common divisor of 20753781 and 118?
59
What is the greatest common factor of 720324 and 27676?
748
What is the highest common divisor of 2395 and 2009891185?
2395
Calculate the highest common factor of 172584 and 3241872.
3384
Calculate the greatest common divisor of 134680 and 582008.
56
Calculate the highest common factor of 5336536 and 310253.
461
Calculate the greatest common factor of 994455 and 4879.
287
Calculate the greatest common factor of 668585223 and 9.
9
What is the highest common divisor of 44624 and 485456?
16
Calculate the greatest common factor of 49887 and 621539.
241
Calculate the highest common divisor of 13583204 and 544.
68
What is the greatest common divisor of 1293872 and 447760?
3088
What is the highest common factor of 4232 and 976411272?
4232
Calculate the greatest common factor of 5166 and 2936502.
738
Calculate the greatest common divisor of 255427790 and 50.
10
What is the greatest common divisor of 4988 and 5030570?
86
Calculate the greatest common factor of 8329581 and 108.
27
What is the highest common factor of 1736 and 4731524?
28
Calculate the highest common factor of 54 and 3012914.
2
Calculate the greatest common factor of 2213638 and 2096.
262
What is the greatest common factor of 113834 and 11072?
346
Calculate the greatest common factor of 16228959 and 423.
141
What is the highest common factor of 20024995 and 60?
5
Calculate the greatest common divisor of 42804676 and 37820.
7564
Calculate the greatest common factor of 530944 and 23851.
1037
What is the highest common divisor of 3171 and 230685?
21
Calculate the greatest common factor of 2021126 and 2610.
58
What is the highest common factor of 36695684 and 5504?
172
Calculate the greatest common factor of 1581 and 41213229.
93
What is the greatest common divisor of 5942940 and 28860?
2220
What is the greatest common divisor of 22 and 19297003?
11
Calculate the highest common factor of 82786 and 31666.
142
Calculate the highest common factor of 481274 and 1914918.
1454
Calculate the highest common factor of 374 and 2142580.
22
Calculate the greatest common divisor of 2094294 and 35796.
114
What is the greatest common factor of 78057 and 2816471?
49
What is the highest common factor of 1422 and 678618?
18
What is the highest common divisor of 15378 and 10578666?
1398
Calculate the highest common factor of 11692 and 3203534.
74
Calculate the greatest common factor of 221 and 7327099.
13
Calculate the greatest common divisor of 211324 and 1472.
92
What is the highest common divisor of 2737 and 16146413?
17
Calculate the highest common divisor of 69560 and 11913260.
740
Calculate the greatest common factor of 8229105 and 360.
45
What is the greatest common divisor of 385727411 and 253?
23
Calculate the greatest common factor of 9 and 5214654.
9
What is the greatest common factor of 88 and 72061814?
22
What is the greatest common divisor of 65897 and 220816?
37
What is the highest common factor of 157488 and 2930898?
1158
What is the highest common factor of 207 and 27202491?
207
Calculate the highest common divisor of 239418 and 9494.
94
What is the highest common divisor of 75474663 and 33?
33
What is the highest common factor of 66 and 187253574?
6
Calculate the highest common divisor of 1780 and 783817660.
1780
Calculate the greatest common divisor of 529 and 20928965.
23
Calculate the highest common factor of 3644 and 581206157.
911
Calculate the highest common factor of 511875 and 5460.
1365
What is the greatest common factor of 339 and 3431245?
113
What is the highest common divisor of 24300 and 5411124?
972
Calculate the greatest common divisor of 11573610 and 285882.
9222
Calculate the highest common divisor of 103619025 and 225.
225
Calculate the highest common divisor of 12541165 and 1781.
13
Calculate the highest common factor of 2409 and 167113936.
803
Calculate the highest common factor of 80600231 and 4.
1
What is the greatest common divisor of 23597525 and 3325?
3325
What is the highest common factor of 21798 and 14715414?
126
What is the greatest common divisor of 652448 and 11168?
32
What is the highest common divisor of 79260 and 1596?
12
Calculate the highest common factor of 464226 and 2202.
6
Calculate the highest common factor of 4213 and 23780853.
383
Calculate the highest common divisor of 547825 and 35088.
17
Calculate the highest common divisor of 896 and 8794464.
224
What is the highest common factor of 2349 and 89893881?
2349
What is the greatest common divisor of 443500 and 4300?
100
What is the highest common divisor of 35031392 and 2156?
44
What is the greatest common factor of 2357 and 202742069?
2357
What is the highest common divisor of 235106 and 1691?
19
What is the greatest common factor of 513 and 22965984?
513
What is the greatest common divisor of 129251 and 2057?
17
Calculate the greatest common divisor of 18826455 and 620.
155
Calculate the highest common factor of 11178 and 738.
18
What is the greatest common divisor of 24 and 61656?
24
Calculate the greatest common factor of 4 and 8443.
1
What is the highest common factor of 486420 and 12980?
220
Calculate the greatest common factor of 601978410 and 8298.
8298
Calculate the greatest common factor of 5728 and 84130.
358
What is the greatest common factor of 568 and 418088612?
284
Calculate the greatest common divisor of 1476 and 40551009.
123
What is the greatest common divisor of 322510 and 80?
10
Calculate the highest common divisor of 3531 and 349248.
321
Calculate the greatest common divisor of 729 and 17048151.
243
What is the highest common factor of 217741593 and 28968?
3621
Calculate the greatest common factor of 288 and 97518024.
72
What is the highest common factor of 1593748 and 1092?
52
Calculate the highest common divisor of 1994408 and 312.
104
Calculate the greatest common divisor of 1150 and 1219.
23
What is the highest common divisor of 123846513 and 8211?
8211
Calculate the greatest common factor of 865282 and 205159.
1063
What is the greatest common factor of 1270 and 31094045?
635
Calculate the greatest common divisor of 46519770 and 435.
435
Calculate the highest common factor of 412104 and 2082597.
7359
Calculate the highest common divisor of 16 and 148719092.
4
What is the greatest common divisor of 705 and 33380199?
141
What is the greatest common factor of 799293297 and 33?
33
What is the highest common divisor of 20926935 and 3455?
3455
Calculate the highest common factor of 172341632 and 640.
128
What is the greatest common factor of 32176980 and 12540?
660
What is the highest common divisor of 3883607 and 175?
7
What is the greatest common factor of 3428711 and 1859?
143
What is the highest common factor of 944 and 69648674?
118
What is the grea